 the tens digit of w?
6
Let k(x) = 2*x**2 + 68*x - 111. Let u(r) = -r**2 - 23*r + 37. Let m(a) = -4*k(a) - 11*u(a). What is the units digit of m(8)?
7
Suppose -2*o = -q + 12 + 19, o = -5. Let u be (-3558)/(-42) - (-6)/q. Let l = u - 62. What is the tens digit of l?
2
Let u = -172 + 3792. What is the hundreds digit of u?
6
Let p = -928 + 931. Let x(y) = -57*y + 25. Let k(t) = 58*t - 25. Let i(u) = 4*k(u) + 3*x(u). What is the hundreds digit of i(p)?
1
Let p(d) = 50*d - 35. Let i be p(6). Let m = i + -592. Let r = m - -551. What is the units digit of r?
4
Suppose -15*q + 27*q - 79728 = 0. What is the thousands digit of q?
6
Let f = -20479 - -21286. What is the hundreds digit of f?
8
Suppose -3*s - i = -82337, 7*s + i = 8*s - 27439. What is the thousands digit of s?
7
Let v(h) = -h**2 + 38*h - 72. Let k be v(36). Suppose k = -2*q + p + 1877 + 494, -2*q + 3*p = -2373. What is the units digit of q?
5
Suppose 12*f - 137612 - 71044 = 0. What is the thousands digit of f?
7
Let n = 256 + -180. Let g = 1098 - n. What is the tens digit of g?
2
Let q(v) be the first derivative of -37*v**3/6 - v**2 - 21*v - 16. Let j(z) be the first derivative of q(z). What is the tens digit of j(-3)?
0
Let x(z) = 1783*z - 2303. What is the ten thousands digit of x(16)?
2
Let g be 2/18 + (-21998)/(-306). What is the hundreds digit of ((-16)/g - (-2666)/9)*1?
2
Suppose -109 = 5*z + 3*w - 325, 166 = 4*z - w. Suppose z = -m + 8*m. What is the tens digit of (2*(-261)/m)/((-6)/8)?
1
Suppose -3*h + 0*h + l = -776, 4*h - 1032 = 2*l. Suppose 25*b + h = 30*b. What is the tens digit of b?
5
Suppose -4*i - 13 = -5*h + 50, 5*i + 45 = 4*h. Suppose 0 = -12*y + h*y - 3*a - 2532, -4*y + a = -3388. What is the hundreds digit of y?
8
Let k be (-10)/(-25) + 96/(-15). Let f = k + -6. What is the tens digit of (511/(-28))/(3/f)?
7
Let u(v) = 534*v**2 - 162*v - 1415. What is the hundreds digit of u(-9)?
2
Suppose -5*i + 4*b = -40729, 17*i + 5*b = 18*i - 8150. What is the hundreds digit of (-4 - 0)/(9/(i/(-10)))?
3
Let t(g) = 2*g**2 + 33*g + 5. Let n be t(-17). Let u = 195 + n. What is the hundreds digit of u?
2
Let j = 44 - 18. Let b(o) = o**3 - 28*o**2 + 76*o - 57. What is the hundreds digit of b(j)?
5
Let q = 612 + -607. Suppose -4*a + 1426 = 3*g, -2*g + 596 + 324 = -q*a. What is the tens digit of g?
7
Suppose 2*f - 1348 - 13400 = -5*z, 22071 = 3*f - z. What is the units digit of f?
9
Let t(f) = 4*f - 33. Let h = -38 - -41. Let k be -18*(13/(-3) + h). What is the tens digit of t(k)?
6
Suppose -3888 = -l + 5*z - 3*z, -5*l - 2*z = -19404. Suppose -197*d = -203*d + l. What is the hundreds digit of d?
6
Suppose -1006461 = -32*u - 44*u - 71509. What is the ten thousands digit of u?
1
Let v(g) = -418*g**3 - g**2 + 4*g - 11. What is the hundreds digit of v(-3)?
2
Suppose 698 = 9*f - 76. Suppose -b + f = -48. What is the units digit of b?
4
What is the thousands digit of (-2)/(5/(15/33)) + (-636720)/(-220)?
2
Let c(u) = -1100*u**3 + 29*u**2 + 5*u + 8. What is the thousands digit of c(-4)?
0
Let o = 2156 - 832. Let l = o + -927. What is the hundreds digit of l?
3
Let i be ((-28)/21)/((-4)/30). Suppose -i = r - 12. What is the units digit of 4/r - 9*-9?
3
Let v(g) = -g**2 - 17*g + 189. Let k be v(14). Let t = k + 1210. What is the tens digit of t?
6
Let m = -14582 + 28005. What is the ten thousands digit of m?
1
Suppose t - 14927 = 5*w - 2*w, 2*t + 4*w = 29834. What is the units digit of t?
1
Let p(o) = 105*o**2 + 4*o + 5. Let g be (-2 + (-8)/(-10))/(42/140). Let v(z) = z**2 + z + 1. Let j(u) = g*v(u) + p(u). What is the units digit of j(-1)?
2
Let n(a) = -40*a + 5485. What is the tens digit of n(-138)?
0
Suppose 0 = -5*h + 4*r + 27644, 3*r + 7625 + 3441 = 2*h. What is the hundreds digit of h?
5
Let h = -251 + 525. Let o = 86 + h. What is the hundreds digit of o?
3
Let g = -806 + 810. Suppose -8*n + 2184 = g*n. What is the tens digit of n?
8
Let n = -35510 + 73957. What is the tens digit of n?
4
What is the ten thousands digit of 6*-10323*(-50)/150?
2
Suppose -66*i + 5956995 = 330*i + 61*i. What is the ten thousands digit of i?
1
Let q(k) = 2*k**3 - 33*k**2 + 18*k - 28. Let x be q(16). Suppose -2683 = -x*c + 397. What is the tens digit of c?
7
Let h = 10837 - 4373. What is the hundreds digit of h?
4
Suppose 0 = 4*w - 3*a + 152, -4 = 5*a - 6*a. Let p = w - -38. Suppose -18 = -0*m - p*m. What is the units digit of m?
6
Let u(m) = m**2 - 10*m + 20. Let q be u(8). Suppose -3*l + q*i + 1217 = 0, 7*i - 6*i - 1990 = -5*l. What is the tens digit of l?
9
Suppose -15*g + 17061 = -31511 - 3958. What is the hundreds digit of g?
5
Let p be 336/161 - 6/69. Suppose 3*a - p*n - 531 - 375 = 0, -1208 = -4*a - 2*n. What is the units digit of a?
2
Suppose 158*u - 550449 - 1183285 = 0. What is the hundreds digit of u?
9
Let k be (-2)/((-2)/9) - 6. Suppose -t + k*s + 467 = 0, 5*t - 2335 = 4*s - 8*s. What is the tens digit of t?
6
Suppose -619 = 4*d - 407. Let b = d + 174. What is the tens digit of b?
2
Let a(c) = 15*c**2 - 1. Let x(b) = -b + 4. Let l be x(5). Let q be a(l). Suppose -4*f = 2*v - 106, q = 4*f + 3*v - 97. What is the tens digit of f?
2
Suppose 0 = -17*s - 4*s + 42. Suppose 9 - 34 = -5*q, q = s*n - 173. What is the tens digit of n?
8
Suppose 79 = -2*z + 3*s - 22, -2*z - 2*s - 96 = 0. Suppose 12*p - 15*p = c + 384, p - c + 132 = 0. Let m = z - p. What is the units digit of m?
0
Let i = 16081 - 10652. What is the hundreds digit of i?
4
Let u(a) = -3*a**2 + a + 27 - 4*a + 9*a**3 - 4*a**3 - 4*a**3. What is the units digit of u(9)?
6
What is the thousands digit of (-16)/(-10) - (-2261338)/1070?
2
Let u(f) = -604*f - 2555. What is the units digit of u(-10)?
5
Let z(q) = -45317*q**3 - 5*q**2 - 2*q - 1. What is the tens digit of z(-1)?
1
Suppose 4*q - 2 = 3*x - 0*q, 4*q = 2*x. Let s be x - (-5)/5 - -1. Suppose 12*b - 11*b - 84 = s. What is the tens digit of b?
8
Let q = 4655 - 639. What is the hundreds digit of q?
0
Suppose -93*h = -55*h - 47*h + 351. Let y(r) = 20*r**3 + 2*r**2 - 1. Let f be y(-1). Let u = f + h. What is the tens digit of u?
2
Let k(y) = -26*y**2 - 4*y - 7. Let c be k(-4). Let p = c + 740. What is the tens digit of p?
3
Let p = 27 + -23. Suppose -2*k - 5*r = -30, k + 2*r + 3 = p*r. Suppose 0 = k*s - 408 + 163. What is the units digit of s?
9
Let r = -17744 + 26004. What is the units digit of r?
0
Let j = -351 + 355. Suppose -5*g + 1337 = 3*a + 379, j*g = -a + 331. What is the tens digit of a?
1
Suppose -2*i = 101 + 379. What is the hundreds digit of (49040/i)/(2/(-6))?
6
Suppose 187*k - 1154040 = 67*k. What is the units digit of k?
7
Let q(w) = -251*w**2 + 33*w + 87. Let n be q(-3). What is the hundreds digit of n*((-2)/6)/(-2 - -3)?
7
Let a be 6 - (-2 - -3) - (-80 - 1255). Let z = 1977 - a. What is the hundreds digit of z?
6
Suppose -6*y - 4*z = -y + 10, -2*y + 2*z - 4 = 0. Let m be ((-252)/27)/(y/9). Let t = 13 + m. What is the units digit of t?
5
Let p(t) = -t**2 - 3*t - 1. Let x be p(-1). Let w(o) be the first derivative of 63*o**4/2 + o**2 - 2*o + 102. What is the hundreds digit of w(x)?
1
Let r(n) = -34*n**3 + 15*n**2 + n - 14. What is the hundreds digit of r(-6)?
8
Let o be 27*6*(-7 + 3)/(-8). Suppose 2*c + 51 = o. What is the tens digit of c?
1
Let h(j) = j**3 + 20*j**2 - 20*j - 5. Let y be h(-18). Suppose 5*n = 622 + y. What is the hundreds digit of n?
3
Suppose 0 = -4*t + 5*n - 2786, 0 = 15*n - 14*n + 2. Let v = t - -1262. What is the hundreds digit of v?
5
Let t(y) = -y**2 - 15*y - 35. Let v be t(-3). Let b(l) = 1111*l + 41. What is the units digit of b(v)?
2
Let k be (14/2)/((-46)/(-3358)). Let x = 545 - k. What is the tens digit of x?
3
Let f(n) = 1620*n - 10475. What is the thousands digit of f(21)?
3
Let v(b) be the first derivative of -b**4/4 + 13*b**3/3 + 8*b**2 - 6*b + 9. Let f be v(14). Let a = f - -10. What is the units digit of a?
2
Suppose -27*f = -22*f - 4590. Suppose -o + 2*b + 13 = -169, -2*b = -5*o + f. What is the hundreds digit of o?
1
Suppose 218*w = 221*w - 5*q - 2299, -w + 5*q = -743. What is the units digit of w?
8
Suppose -4*f - 19802 = -5*o - 90171, -4*f + o + 70381 = 0. What is the units digit of f?
6
Let r = 20394 + -9795. What is the hundreds digit of r?
5
Suppose 4*h - 11013 = -3*l, 3687 = l + 196*h - 192*h. What is the thousands digit of l?
3
Suppose -5*a + 